*m = -1220 - x. Let i = -510 + u. List the prime factors of i.
239
Suppose -7*q + 7176 = -5130. Suppose -3*y + 3*h - q = -5*y, -2*y = h - 1758. List the prime factors of y.
3, 293
Let y(v) = -17 + 33 + v - 17. Let q be y(5). What are the prime factors of 585/6 - (-6)/q?
3, 11
Suppose -p = -3*s + 8*s - 32, 4*s = 12. Suppose -19*d + 379 = 3*r - p*d, 5*d + 665 = 5*r. What are the prime factors of r?
3, 43
Let y(o) = -2*o**2 + 17*o - 7. Let q(m) = -4*m**2 + 35*m - 13. Suppose 2*t + 1 = 5. Let s(c) = t*q(c) - 5*y(c). What are the prime factors of s(10)?
59
Let r be 1578 + ((-14)/(-18) - (-4)/18). Suppose 339 = z + 3*x, 5*z + 3*x - 80 - r = 0. What are the prime factors of z?
2, 3, 5, 11
Suppose 158 + 1250 = 2*c - 3*i, 5*i + 1412 = 2*c. Let x = 1266 - c. What are the prime factors of x?
5, 113
Suppose -78*k + 74*k + 61764 = 0. List the prime factors of k.
3, 5147
Suppose 20*s = 60393 - 313. List the prime factors of s.
2, 751
Let h(t) be the second derivative of -t**5/20 + t**4/6 - 2*t**3/3 + t**2 - t - 29. Let q be (1 + -2)*(0 - -5). List the prime factors of h(q).
197
Suppose 0 = 5*d, w + 3*w = 4*d + 5884. Let a = w - 343. What are the prime factors of a?
2, 3, 47
Let k(b) = 5*b + 5. Let x be k(1). Suppose 0 = -n + x + 40. What are the prime factors of n?
2, 5
Let s be 454/(-12) + (66/36)/(-11). Let x be 6/33 - (-1580)/22. Let t = s + x. List the prime factors of t.
2, 17
Suppose -285081 - 1195979 = -131*x + 1072654. What are the prime factors of x?
2, 3, 19
Suppose 2*c = 4*f + 8 + 8, f + 44 = 3*c. Let s(l) = 16*l + 60. List the prime factors of s(c).
2, 79
Let p be 5 - (-5 + -1 + 8). List the prime factors of (2 + 5)/((6/14)/p).
7
Suppose 54*x = 30*x + 15936. What are the prime factors of x?
2, 83
Let a = -175 - -179. What are the prime factors of 8/16 + 910/a + 0?
2, 3, 19
Suppose 532 = x - 300. Suppose -2*z + x = -690. What are the prime factors of z?
761
Let y(q) = 13*q - 12. Let x be y(5). Let z = x + 228. What are the prime factors of z?
281
Let k(j) = 10*j - 114. Let u be k(11). List the prime factors of 247 + u - -3 - -7.
11, 23
Suppose -5*t - 19*m = -15*m - 34454, -6902 = -t + 2*m. What are the prime factors of t?
2, 3, 383
Suppose -19*u + 17*u = -1776. Suppose -2*f - 3*s = -1741, -f - 9*s + 4*s = -u. What are the prime factors of f?
863
Suppose -122109 = -4*z - 2*h + 7857, 5*z + 4*h = 162450. List the prime factors of z.
2, 7, 11, 211
Let a(r) = r**2 - 8*r + 14. Let i(x) = -5*x + 1. Let w be i(-1). Let q be a(w). Suppose n + 0 = q, -2*n - 62 = -2*o. List the prime factors of o.
3, 11
Let y = 176 + -174. Suppose 53 + 838 = 3*s - 3*u, -3*u - 594 = -y*s. What are the prime factors of s?
3, 11
Let k be (2 - 2/4) + 21/6. Suppose 637 - k = 4*s. List the prime factors of s.
2, 79
Let w(r) = -1834*r - 2208. List the prime factors of w(-9).
2, 3, 2383
Let o be 18/(-3) - -2 - 35. Let v = o + 19. List the prime factors of (2 + 0)/(v/(-730)).
73
Let d(j) = 25*j**2 + 65*j + 49. What are the prime factors of d(8)?
3, 241
Let q(y) = -127*y + 4. Let s be 6*3*2/18. Let x be q(s). Let r = -165 - x. What are the prime factors of r?
5, 17
Let k(t) = 5*t**2 - 10*t - 8. Let y be k(-1). Suppose 18*r = -y*r + 2150. What are the prime factors of r?
2, 43
Suppose 2*q - 6 = 0, 106*w - 109*w - 4*q = -4695. What are the prime factors of w?
7, 223
Let h(j) = 6*j + 178. Let v be h(-11). What are the prime factors of (-1 - v)/((-296)/32 - -9)?
2, 113
Suppose 4*c = -20 + 220. Let h be 8/2*(c/(-4))/(-5). What are the prime factors of 193/5 - -3 - 6/h?
41
Suppose -6*t + 3*t = q + 83, t - 5 = 0. Let k = q + 252. List the prime factors of k.
2, 7, 11
Let w be (-28)/(-532) + 3839/(-19). Let a = -93 - w. List the prime factors of a.
109
Suppose -2 - 3 = a, 4*f = -4*a - 8. What are the prime factors of (311 - (f - 1)) + 2?
311
Suppose 45*j - 48*j = 75. Let h = -17 - j. Suppose -h*y + 441 = y. List the prime factors of y.
7
Suppose -6*h = -5 - 133. Let x(t) = 2*t**2 - 28*t - 3. List the prime factors of x(h).
3, 137
Suppose -7*s = -2*r - 3*s + 556, 5*s + 25 = 0. Suppose d - r = -40. List the prime factors of d.
2, 3, 19
Let d(s) = -s**3 + s**2 - 2*s - 2. Let t be d(0). What are the prime factors of (6 + 14/(-2))*(-387 - t)?
5, 7, 11
Let x(l) = l**3 - 7*l**2 - 7*l + 15. Let s(j) = -13*j - 17. Let r be s(-4). Let u = r - 27. What are the prime factors of x(u)?
23
Suppose 0 = -4*n, -40*r - 4*n = -44*r + 19816. What are the prime factors of r?
2, 2477
Suppose 16*t + 22*t - 678262 = 651434. List the prime factors of t.
2, 3
Suppose 0 = -12*q + 2769 + 10827. Suppose -265 = -3*r + 3*n + q, -3*r = 3*n - 1428. What are the prime factors of r?
3, 157
Let m = 212 - -176. Let j = 26 + m. What are the prime factors of j?
2, 3, 23
Suppose -10768 = -2*x - 5*f, 5*f = 5*x - 5320 - 21530. What are the prime factors of x?
2, 2687
Suppose -3 = -2*l - k + 2, -5*k = 3*l + 10. List the prime factors of (-2)/5 + 25284/60 + l.
2, 3, 71
Let t be (-51372)/(-54)*(-3)/(-2). Suppose -h - 325 = -t. List the prime factors of h/8 + (-63)/84.
137
What are the prime factors of (-231021)/(-49)*1 - (-4)/14?
5, 23, 41
Suppose -4 + 62 = d + 5*p, p - 170 = -5*d. Let k(j) = 21*j - 82. List the prime factors of k(d).
13, 47
Suppose -18*f - 110616 = 26*f. Let d = f + 3702. List the prime factors of d.
2, 3, 11
Suppose 71070 = 21*s - 11*s. List the prime factors of 26/(-117) - (-4)/(108/s).
263
Suppose -27*d = 20*d - 167978. List the prime factors of d.
2, 1787
Let x(a) be the second derivative of 5*a**4/6 - 35*a**2/2 - 207*a. What are the prime factors of x(-14)?
5, 7, 11
Let u(k) = 7*k**2 - 272*k + 985. List the prime factors of u(-65).
2, 3, 5, 67
Suppose -2*q - 15 = 5*k, 0*q + 2*q + 2*k = 0. What are the prime factors of (q*-1 - (-6498)/19) + 4?
11, 31
Let y be (-4092)/40 + 6/20. Let z = y + 483. List the prime factors of z.
3, 127
Let h be (12/9)/((-2)/9). Let m(j) be the third derivative of j**5/60 - j**4/6 + j**3/3 + 8*j**2 - 1. List the prime factors of m(h).
2, 31
Suppose 2*b = 13*b. Let l(x) = -x**3 - 5*x + 5. Let r be l(b). Suppose j + 2*h - 146 = 0, r*j + 2*h - 6*h - 800 = 0. What are the prime factors of j?
2, 3, 13
Let k(b) = -9*b**2 - 244*b - 16. Let m be k(-22). Suppose 139*u - 140*u = -m. What are the prime factors of u?
2, 3, 83
Suppose -2*l - 6*y - 700 = -y, 4*l + 5*y + 1420 = 0. Let z = -240 - l. Let a = 184 - z. List the prime factors of a.
2
Suppose -40 = -10*a - 0. List the prime factors of a/6 + 0 + 2400/18.
2, 67
What are the prime factors of (-66314)/(-8 - -6)*(-32 + 33)?
71, 467
Let y(b) = 14*b - 18. Let n(f) = -15*f + 19. Let m(w) = 3*n(w) + 2*y(w). Let k be m(-12). Suppose 4*v - k = 223. What are the prime factors of v?
2, 7
Let f = -8088 - -13926. List the prime factors of f.
2, 3, 7, 139
Let p = 373 + -183. Let k = p - -84. Let x = k + -146. List the prime factors of x.
2
Suppose 15*b - 12*b - 3*h = 13983, -4*b + 18604 = 4*h. List the prime factors of b.
2, 3, 97
Suppose -3*a + 143038 = -112375 + 72530. What are the prime factors of a?
60961
Suppose 0 = -4*k - 8 - 0. Let t(h) = -54*h**3 + 1. Let d be t(-1). Let v = k + d. List the prime factors of v.
53
List the prime factors of 797435/20 + 144/576.
2, 7, 89
Suppose -f + 4*f = -4*u + 44175, -5*u - f = -55227. What are the prime factors of u?
2, 3, 7, 263
Suppose -15 = i - 2*i + 3*v, 5*i - 11 = -v. Suppose 4*k + 352 = c, -k = i*c - 6*c + 1001. What are the prime factors of c?
2, 83
Suppose 0 = -4*b + 5*b - 5. Suppose 3*s + 5*r - 184 = s, 0 = 5*s - b*r - 530. What are the prime factors of s?
2, 3, 17
List the prime factors of (63*(-10)/(-40))/(27/4788).
3, 7, 19
Suppose 36*y = -35*y + 34577. What are the prime factors of y?
487
Let w = 29 - 64. Let m = 38 + w. Suppose 2*r = -m*r + 395. List the prime factors of r.
79
Let u = 3 + -5. Let a(n) = 11*n**3 + n**2 + 14*n**3 - 28*n**3 - n - n - 3. List the prime factors of a(u).
29
Let y(c) = 294*c**2 + 35*c + 150. What are the prime factors of y(-5)?
5, 293
Let u = 9315 + -7258. List the prime factors of u.
11, 17
Let s be ((-10)/(-8))/(42/42672). Suppose -5*i = 2*a - s, -19*a + 2*i = -17*a - 1242. What are the prime factors of a?
5
Let j be -1*(5/(-1) + 1). List the prime factors of 585 + -2 + 5 - j.
2, 73
Let i(t) = 25*t**2 - t + 23. Let q be i(-7). Let n = q - 792. List the prime factors of